?
11, 811
List the prime factors of 779334.
2, 3, 193, 673
List the prime factors of 175020.
2, 3, 5, 2917
What are the prime factors of 751206?
2, 3, 125201
List the prime factors of 3999155.
5, 31, 25801
What are the prime factors of 14214883?
251, 56633
What are the prime factors of 460089?
3, 7, 67, 109
What are the prime factors of 4218950?
2, 5, 19, 4441
What are the prime factors of 1529648?
2, 95603
List the prime factors of 823005.
3, 5, 18289
List the prime factors of 8676692.
2, 19, 114167
List the prime factors of 9117455.
5, 29, 227, 277
List the prime factors of 2893802.
2, 1446901
List the prime factors of 17766227.
17766227
List the prime factors of 737074.
2, 13, 28349
List the prime factors of 3092750.
2, 5, 89, 139
List the prime factors of 7035721.
7, 11, 91373
What are the prime factors of 457724?
2, 41, 2791
List the prime factors of 247615.
5, 49523
What are the prime factors of 826376?
2, 53, 1949
What are the prime factors of 14965142?
2, 541, 13831
List the prime factors of 216532.
2, 54133
What are the prime factors of 802864?
2, 19, 139
List the prime factors of 24077480.
2, 5, 7, 85991
List the prime factors of 4868.
2, 1217
List the prime factors of 929363.
29, 73, 439
What are the prime factors of 656738?
2, 41, 8009
What are the prime factors of 156180?
2, 3, 5, 19, 137
What are the prime factors of 4325956?
2, 17, 63617
List the prime factors of 2843499.
3, 947833
List the prime factors of 3665356.
2, 916339
List the prime factors of 1382947.
67, 20641
What are the prime factors of 749294?
2, 7, 13, 23, 179
List the prime factors of 5753442.
2, 3, 331, 2897
What are the prime factors of 2469527?
241, 10247
List the prime factors of 5852572.
2, 11, 133013
What are the prime factors of 9784680?
2, 3, 5, 67, 1217
What are the prime factors of 1223690?
2, 5, 13, 9413
What are the prime factors of 5104?
2, 11, 29
What are the prime factors of 3244845?
3, 5, 137, 1579
List the prime factors of 914825.
5, 23, 37, 43
What are the prime factors of 3538646?
2, 1769323
List the prime factors of 9975990.
2, 3, 5, 317, 1049
List the prime factors of 508708.
2, 17, 7481
What are the prime factors of 15381546?
2, 3, 739, 3469
What are the prime factors of 3629941?
7, 179, 2897
List the prime factors of 1444196.
2, 13, 27773
What are the prime factors of 393579?
3, 43, 113
List the prime factors of 204391.
11, 17, 1093
What are the prime factors of 24592576?
2, 384259
List the prime factors of 119591.
119591
What are the prime factors of 123317?
127, 971
List the prime factors of 1835901.
3, 203989
List the prime factors of 841684.
2, 210421
What are the prime factors of 15067574?
2, 7533787
What are the prime factors of 1342769?
727, 1847
What are the prime factors of 502912?
2, 3929
List the prime factors of 800304.
2, 3, 16673
List the prime factors of 1549930.
2, 5, 37, 59, 71
List the prime factors of 876475.
5, 35059
What are the prime factors of 13198059?
3, 7, 7759
What are the prime factors of 3699593?
37, 99989
List the prime factors of 9933022.
2, 11, 29, 15569
What are the prime factors of 386079?
3, 128693
List the prime factors of 2672124.
2, 3, 7, 13, 2447
What are the prime factors of 1136744?
2, 7, 53, 383
What are the prime factors of 10351593?
3, 7, 23473
What are the prime factors of 794091?
3, 264697
List the prime factors of 11440965.
3, 5, 149, 5119
List the prime factors of 11897567.
11, 98327
List the prime factors of 9958150.
2, 5, 277, 719
What are the prime factors of 21984201?
3, 1039, 2351
List the prime factors of 27568897.
27568897
What are the prime factors of 20522228?
2, 5130557
List the prime factors of 18399300.
2, 3, 5, 61331
What are the prime factors of 684717?
3, 11, 20749
List the prime factors of 31079528.
2, 577, 6733
What are the prime factors of 3904292?
2, 7, 139439
What are the prime factors of 615957?
3, 205319
What are the prime factors of 1616911?
67, 24133
What are the prime factors of 486676?
2, 17, 421
What are the prime factors of 1221075?
3, 5, 67
What are the prime factors of 91636?
2, 31, 739
What are the prime factors of 5364040?
2, 5, 11, 73, 167
What are the prime factors of 1431833?
13, 83, 1327
List the prime factors of 1581022.
2, 29, 27259
What are the prime factors of 3295278?
2, 3, 7, 26153
List the prime factors of 762690.
2, 3, 5, 25423
List the prime factors of 222451.
47, 4733
List the prime factors of 1416646.
2, 7, 11, 9199
List the prime factors of 2773045.
5, 11, 127, 397
What are the prime factors of 143184?
2, 3, 19, 157
What are the prime factors of 21417705?
3, 5, 17, 27997
List the prime factors of 36268419.
3, 11, 31, 293
What are the prime factors of 972444?
2, 3, 11, 53, 139
What are the prime factors of 462207?
3, 43, 3583
What are the prime factors of 7924845?
3, 5, 37, 109, 131
List the prime factors of 101138.
2, 61, 829
List the prime factors of 22520.
2, 5, 563
List the prime factors of 1266408.
2, 3, 11, 13, 41
List the prime factors of 8033695.
5, 1606739
What are the prime factors of 2422499?
2422499
List the prime factors of 155602.
2, 77801
What are the prime factors of 332083?
83, 4001
What are the prime factors of 2665893?
3, 888631
What are the prime factors of 175761?
3, 59, 331
List the prime factors of 189766.
2, 239, 397
List the prime factors of 807218.
2, 173, 2333
What are the prime factors of 57305?
5, 73, 157
What are the prime factors of 425361?
3, 71, 1997
What are the prime factors of 142033?
173, 821
What are the prime factors of 24213808?
2, 73, 20731
What are the prime factors of 944849?
29, 31, 1051
List the prime factors of 246999.
3, 281, 293
List the prime factors of 4953290.
2, 5, 17, 29137
What are the prime factors of 13218?
2, 3, 2203
What are the prime factors of 1762948?
2, 11, 103, 389
What are the prime factors of 245009?
491, 499
List the prime factors of 2387397.
3, 795799
What are the prime factors of 9696851?
17, 570403
What are the prime factors of 114940?
2, 5, 7, 821
What are the prime factors of 5161173?
3, 73, 23567
List the prime factors of 1163081.
1163081
What are the prime factors of 515823?
3, 7, 11, 29
What are the prime factors of 4384520?
2, 5, 7, 2237
What are the prime factors of 209129?
163, 1283
What are the prime factors of 561528?
2, 3, 11, 709
List the prime factors of 8108.
2, 2027
What are the prime factors of 528579?
3, 19577
List the prime factors of 208653.
3, 157, 443
List the prime factors of 203641.
203641
List the prime factors of 15932820.
2, 3, 5, 265547
List the prime factors of 12571031.
11, 1142821
What are the prime factors of 195380?
2, 5, 9769
List the prime factors of 2719445.
5, 543889
List the prime factors of 3420236.
2, 855059
What are the prime factors of 765809?
11, 6329
List the prime factors of 115557.
3, 13, 2963
List the prime factors of 29527896.
2, 3, 1230329
List the prime factors of 900690.
2, 3, 5, 7, 4289
List the prime factors of 1788646.
2, 73, 12251
List the prime factors of 315715.
5, 233, 271
List the prime factors of 6133269.
3, 439, 4657
List the prime factors of 301107.
3, 29, 3461
List the prime factors of 181482.
2, 3, 7, 29, 149
What are the prime factors of 12149308?
2, 113, 26879
List the prime factors of 227068.
2, 56767
List the prime factors of 1857592.
2, 11, 19, 101
What are the prime factors of 93877?
7, 13411
List the prime factors of 1910017.
43, 1033
What are the prime factors of 14202231?
3, 601, 7877
What are the prime factors of 3639609?
3, 79, 5119
List the prime factors of 4626824.
2, 578353
What are the prime factors of 272675?
5, 13, 839
List the prime factors of 2724389.
2724389
List the prime factors of 269822.
2, 7, 19273
What are the prime factors of 22260737?
199, 111863
What are the prime factors of 431625?
3, 5, 1151
What are the prime factors of 5601621?
3, 347, 5381
What are the prime factors of 15153250?
2, 5, 7, 1237
What are the prime factors of 311755?
5, 62351
List the prime factors of 2348457.
3, 19, 41201
List the prime factors of 507419.
11, 163, 283
What are the prime factors of 14573491?
41, 191, 1861
What are the prime factors of 28251791?
4447, 6353
List the prime factors of 971601.
3, 17, 19051
What are the prime factors of 199737?
3, 22193
List the prime factors of 495573.
3, 13, 97, 131
What